ue
Is 47321917717 a prime number?
False
Is 3071134819 a prime number?
False
Is 21807626189 composite?
True
Is 969429631 a prime number?
True
Is 1140765971 prime?
False
Is 9234576607 prime?
False
Is 38181731221 a composite number?
False
Is 7527633431 prime?
False
Is 1057839677 a composite number?
False
Is 14174645617 composite?
True
Is 5644166201 a composite number?
True
Is 2197519013 a prime number?
True
Is 424687009 composite?
False
Is 712905961 prime?
True
Is 6234090613 a composite number?
True
Is 1271604541 a prime number?
True
Is 41399807 a prime number?
False
Is 271402349 prime?
True
Is 1491568711 a composite number?
True
Is 1523359589 a composite number?
True
Is 64694810111 a composite number?
True
Is 981589019 a prime number?
False
Is 523357486761 a composite number?
True
Is 1102974199 prime?
True
Is 103244861 prime?
False
Is 238983397 a prime number?
True
Is 697307089 prime?
False
Is 7734303287 prime?
False
Is 88609465819 a prime number?
False
Is 229997851 a prime number?
False
Is 702148507 a prime number?
True
Is 684753439 prime?
False
Is 8697774601 a prime number?
True
Is 5321746643 composite?
True
Is 344965672147 prime?
True
Is 3987231047 a composite number?
False
Is 168618341 a composite number?
False
Is 19957039 a composite number?
False
Is 4728996523 a prime number?
True
Is 22334932249 a prime number?
False
Is 169758683 composite?
False
Is 10710679049 a composite number?
True
Is 160690094501 composite?
True
Is 794749609 prime?
False
Is 130102031 a composite number?
False
Is 548026099 a prime number?
False
Is 4800077903 a prime number?
False
Is 23162570339 prime?
True
Is 311788891 prime?
False
Is 6336318271 a composite number?
False
Is 3407170967 a composite number?
True
Is 2172520583 a composite number?
True
Is 905976989 composite?
False
Is 6513218599 prime?
True
Is 135727688563 prime?
False
Is 8383653353 composite?
True
Is 74843856545 prime?
False
Is 39704611883 prime?
True
Is 726093089 prime?
True
Is 404709053 a composite number?
True
Is 2637445861 a prime number?
False
Is 2716625497 prime?
True
Is 110732081 a prime number?
True
Is 2423646259 a prime number?
False
Is 4507850341 a prime number?
False
Is 5166585595 a composite number?
True
Is 324863347 a prime number?
True
Is 3599228289 prime?
False
Is 5842337749 a prime number?
False
Is 10615618477 prime?
False
Is 668224187 a composite number?
False
Is 36671022557 composite?
True
Is 29296087 prime?
False
Is 43136471866 prime?
False
Is 45533071 prime?
False
Is 143138778049 a composite number?
True
Is 1401184019 a composite number?
False
Is 756887633 composite?
False
Is 23770188737 composite?
False
Is 630329209 a prime number?
False
Is 2609496811 a prime number?
True
Is 791300287 a composite number?
True
Is 3500899751 composite?
True
Is 7406265079 composite?
True
Is 4176862231 composite?
True
Is 2597314351 prime?
True
Is 226562407 a prime number?
True
Is 7550384797 a composite number?
True
Is 1280186477 prime?
False
Is 2758664719 a prime number?
True
Is 584991371 composite?
False
Is 20308913 a composite number?
True
Is 267068413 a prime number?
False
Is 485944597 a composite number?
False
Is 2963495321 a composite number?
True
Is 3562337195 a prime number?
False
Is 130988651 a composite number?
True
Is 237862245577 a prime number?
False
Is 1470452603 prime?
True
Is 23171648263 a prime number?
False
Is 25270426769 prime?
False
Is 9595577021 a prime number?
True
Is 649859923 prime?
True
Is 2367421621 prime?
True
Is 134527993 composite?
True
Is 6151660943 composite?
False
Is 1464547321 prime?
False
Is 20590945033 prime?
False
Is 85366806793 a composite number?
True
Is 3062079229 a prime number?
False
Is 98873651 composite?
False
Is 5365409143 a composite number?
False
Is 323660635 prime?
False
Is 1053803741 a composite number?
False
Is 667990207 a prime number?
True
Is 78832902119 prime?
True
Is 1919844743 a prime number?
True
Is 333009385 prime?
False
Is 332791241 composite?
False
Is 355418801 a prime number?
True
Is 94955899 a composite number?
False
Is 15052974787 a prime number?
True
Is 9667438769 a composite number?
False
Is 1708658929 a prime number?
True
Is 2201258589 composite?
True
Is 125762437 a prime number?
True
Is 4263729721 prime?
False
Is 29564353237 a composite number?
False
Is 1203851739 composite?
True
Is 856730669 composite?
False
Is 13744127387 prime?
True
Is 46583129 prime?
True
Is 463336789 a composite number?
False
Is 6460817933 a prime number?
True
Is 880969007 a prime number?
True
Is 66667854899 prime?
False
Is 1551840622 composite?
True
Is 2073928237 a composite number?
False
Is 5374776293 prime?
True
Is 42383099147 a composite number?
False
Is 184198913 a composite number?
True
Is 1200978785807 prime?
True
Is 1632964331 a composite number?
False
Is 455930249 composite?
True
Is 2798504833 a composite number?
False
Is 40144578157 prime?
True
Is 5182667167 composite?
False
Is 29369188621 a composite number?
False
Is 519390881 prime?
False
Is 1580243579 prime?
False
Is 14776597631 composite?
False
Is 69047469709 prime?
True
Is 69350909867 a composite number?
True
Is 12706397303 composite?
True
Is 302484011 composite?
False
Is 38578019 composite?
False
Is 2431708921 a composite number?
True
Is 20525316401 prime?
False
Is 5184825397 composite?
True
Is 8255396549 a composite number?
False
Is 1209870083 prime?
False
Is 14018113093 a composite number?
False
Is 13853889499 prime?
True
Is 632758213 composite?
True
Is 1042845607 a composite number?
False
Is 17445701983 prime?
False
Is 96192772021 composite?
False
Is 39617350529 composite?
True
Is 194364983 composite?
False
Is 1760281903 prime?
True
Is 33191721707 a prime number?
True
Is 24262040917 prime?
False
Is 2974045907 a prime number?
False
Is 1140570203 composite?
True
Is 3225366473 a prime number?
False
Is 77289061 a composite number?
True
Is 483080119 composite?
False
Is 22602045689 a prime number?
True
Is 75858966359 prime?
False
Is 78163582811 prime?
False
Is 113409991 a prime number?
True
Is 39303175559 composite?
False
Is 1847495897 prime?
False
Is 1910392109 prime?
True
Is 670146977 a composite number?
False
Is 208112977 prime?
False
Is 13909790441 a prime number?
False
Is 14303947187 composite?
False
Is 4085320501 a composite number?
False
Is 1603929077 a prime number?
True
Is 158774605753 a composite number?
True
Is 5950859059 a prime number?
True
Is 4819940069 a composite number?
True
Is 345345725201 prime?
True
Is 1401972457 composite?
True
Is 24130466827 a composite number?
True
Is 26632914007 prime?
False
Is 15847947617 a prime number?
True
Is 4966221041 a composite number?
True
Is 12292366733 prime?
True
Is 592733563 a composite number?
False
Is 21021792371 a composite number?
True
Is 10903565773 composite?
True
Is 86623013 prime?
True
Is 1464690781 composite?
True
Is 475473949 composite?
True
Is 5030005607 prime?
False
Is 196473109 a composite number?
True
Is 2552643089 composite?
False
Is 204873041797 composite?
True
Is 55853359109 composite?
True
Is 8448096731 prime?
True
Is 49584719029 composite?
True
Is 636005261 a composite number?
False
Is 71045171 prime?
False
Is 622087337 a composite number?
False
Is 1910781893 a composite number?
True
Is 64230163 a prime number?
True
Is 49442941 a composite number?
True
Is 2549146783 a prime number?
False
Is 2529061591 composite?
True
Is 477209653 a composite number?
False
Is 1668026141 a prime number?
False
Is 13421987921 composite?
True
Is 3226023067 a composite number?
True
Is 2262325279 a prime number?
True
Is 2538390831 composite?
True
Is 58190428399 composite?
False
Is 2742748003 composite?
True
Is 311578447 prime?
False
Is 6287999374 a prime number?
False
Is 3981127901 a prime number?
True
Is 20901353813 composite?
False
Is 80377847507 a prime number?
True
Is 67035156631 composite?
False
Is 11083858337 a composite number?
False
Is 2263383697 prime?
False
Is 13704233 a composite number?
True
Is 4602408757 prime?
False
Is 4577677441 composite?
False
Is 4086769879 composite?
True
Is 29394111503 a composite number?
True
Is 1215895001 prime?
False
Is 22919387009 a composite number?
True
Is 19853769149 a prime number?
False
Is 1520278619 a composite number?
True
Is 43927260863 prime?
True
Is 4626343381 a prime number?
False
Is 402183648226 composite